{"id":76,"date":"2023-01-06T19:11:11","date_gmt":"2023-01-06T18:11:11","guid":{"rendered":"https:\/\/bsv.emil-dc.eu\/?page_id=76"},"modified":"2025-12-14T14:58:53","modified_gmt":"2025-12-14T13:58:53","slug":"vorstand","status":"publish","type":"page","link":"https:\/\/www.bsv-russbachtal.at\/bsv-wp\/vorstand\/","title":{"rendered":"Vorstand"},"content":{"rendered":"<p>Der BSV Ru\u00dfbachtal verf\u00fcgt \u00fcber einen Obmann, Schriftf\u00fchrer und eine Kassierin, wie jeder Verein nach dem VerG. Zus\u00e4tzlich unterst\u00fctzen ein Obmann Stv. und eine Schriftf\u00fchrer Stv. die T\u00e4tigkeiten der Gesch\u00e4ftsf\u00fchrung.<\/p>\n\n\n<figure class=\"wp-block-table is-style-stripes\"><table><tbody><tr><td><strong>Norbert FISCHER<\/strong><br>Obmann<br><br>+43 699 19546302<br><strong><a href=\"mailto:norbert.fischer@bsv-russbachtal.at\" data-type=\"mailto\" data-id=\"mailto:norbert.fischer@bsv-russbachtal.at\">E-Mail<\/a><\/strong><\/td><td><img decoding=\"async\" style=\"width: 100px;\" src=\"\/bsv-wp\/wp-content\/images\/vorstand\/Norbert_Fischer.jpg\" alt=\"Norbert Fischer\"><\/td><\/tr><tr><td><strong>Ilse FISCHER<\/strong><br>Schriftf\u00fchrer Stv., \u00dcbungsleiterin, Instruktorin<br><br><strong><a href=\"mailto:ilse.fischer@bsv-russbachtal.at\" data-type=\"mailto\" data-id=\"mailto:ilse.fischer@bsv-russbachtal.at\">E-Mail<\/a><\/strong><\/td><td><img decoding=\"async\" style=\"width: 100px;\" src=\"\/bsv-wp\/wp-content\/images\/vorstand\/Ilse_Fischer_2019.jpg\" alt=\"Ilse Fischer\"><\/td><\/tr><tr><td><strong>Gerhard NIESNER<\/strong><br>Schriftf\u00fchrer<br><br>+43 677 6232 1559<br><strong><a href=\"mailto:gerhard.niesner@@bsv-russbachtal.at\" data-type=\"mailto\" data-id=\"mailto:gerhard.niesner@bsv-russbachtal.at\">E-Mail<\/a><\/strong><\/td><td><img decoding=\"async\" style=\"width: 100px;\" src=\"\/bsv-wp\/wp-content\/images\/vorstand\/Gerhard_Niesner_2019.jpg\" alt=\"\"><\/td><\/tr><tr><td><strong>Alexander PROBST<\/strong><br>Obmann Stellvertreter<br><br>+43 664 5990538<br><strong><a href=\"mailto:alexander.probst@bsv-russbachtal.at\" data-type=\"mailto\" data-id=\"mailto:gerhard.niesner@bsv-russbachtal.at\" target=\"_blank\" rel=\"noreferrer noopener\">E-Mail<\/a><\/strong><br><\/td><td><img loading=\"lazy\" decoding=\"async\" width=\"100\" height=\"111\" class=\"wp-image-2463\" style=\"width: 100px;\" src=\"https:\/\/www.bsv-russbachtal.at\/bsv-wp\/wp-content\/uploads\/2025\/12\/Alexander-Probst-1.jpeg\" alt=\"Alexander Probst\" srcset=\"https:\/\/www.bsv-russbachtal.at\/bsv-wp\/wp-content\/uploads\/2025\/12\/Alexander-Probst-1.jpeg 1154w, https:\/\/www.bsv-russbachtal.at\/bsv-wp\/wp-content\/uploads\/2025\/12\/Alexander-Probst-1-271x300.jpeg 271w, https:\/\/www.bsv-russbachtal.at\/bsv-wp\/wp-content\/uploads\/2025\/12\/Alexander-Probst-1-925x1024.jpeg 925w, https:\/\/www.bsv-russbachtal.at\/bsv-wp\/wp-content\/uploads\/2025\/12\/Alexander-Probst-1-768x850.jpeg 768w\" sizes=\"auto, (max-width: 100px) 100vw, 100px\" \/><\/td><\/tr><tr><td><strong>Anita ANNATOUR<\/strong><br>Kassierin<br><br><strong><a href=\"mailto:bsv.russbachtal@gmail.com\" data-type=\"mailto\" data-id=\"mailto:bsv.russbachtal@gmail.com\">E-Mail<\/a><\/strong><\/td><td><img decoding=\"async\" style=\"width: 100px;\" src=\"\/bsv-wp\/wp-content\/images\/vorstand\/Anita_Annatour.jpg\" alt=\"Anita Annatour\"><\/td><\/tr><\/tbody><\/table><\/figure>\n\n\n\n<p>Am 07.11.2025 erfolgte wieder die Neuwahl des Vorstands, die Funktionsperiode dauert bis  31.12.2028. <\/p>\n\n\n\n<center><hr style=\"border: solid #009900 1px; width: 80%;\"><\/center>\n\n\n<nav class=\"is-responsive items-justified-center wp-block-navigation is-content-justification-center is-layout-flex wp-container-core-navigation-is-layout-16018d1d wp-block-navigation-is-layout-flex\" aria-label=\"Navigation 2\" \n\t\t data-wp-interactive=\"core\/navigation\" data-wp-context='{\"overlayOpenedBy\":{\"click\":false,\"hover\":false,\"focus\":false},\"type\":\"overlay\",\"roleAttribute\":\"\",\"ariaLabel\":\"Men\\u00fc\"}'><button aria-haspopup=\"dialog\" aria-label=\"Men\u00fc \u00f6ffnen\" class=\"wp-block-navigation__responsive-container-open\" \n\t\t\t\tdata-wp-on--click=\"actions.openMenuOnClick\"\n\t\t\t\tdata-wp-on--keydown=\"actions.handleMenuKeydown\"\n\t\t\t><svg width=\"24\" height=\"24\" xmlns=\"http:\/\/www.w3.org\/2000\/svg\" viewBox=\"0 0 24 24\" aria-hidden=\"true\" focusable=\"false\"><path d=\"M4 7.5h16v1.5H4z\"><\/path><path d=\"M4 15h16v1.5H4z\"><\/path><\/svg><\/button>\n\t\t\t\t<div class=\"wp-block-navigation__responsive-container\"  id=\"modal-1\" \n\t\t\t\tdata-wp-class--has-modal-open=\"state.isMenuOpen\"\n\t\t\t\tdata-wp-class--is-menu-open=\"state.isMenuOpen\"\n\t\t\t\tdata-wp-watch=\"callbacks.initMenu\"\n\t\t\t\tdata-wp-on--keydown=\"actions.handleMenuKeydown\"\n\t\t\t\tdata-wp-on--focusout=\"actions.handleMenuFocusout\"\n\t\t\t\ttabindex=\"-1\"\n\t\t\t>\n\t\t\t\t\t<div class=\"wp-block-navigation__responsive-close\" tabindex=\"-1\">\n\t\t\t\t\t\t<div class=\"wp-block-navigation__responsive-dialog\" \n\t\t\t\tdata-wp-bind--aria-modal=\"state.ariaModal\"\n\t\t\t\tdata-wp-bind--aria-label=\"state.ariaLabel\"\n\t\t\t\tdata-wp-bind--role=\"state.roleAttribute\"\n\t\t\t>\n\t\t\t\t\t\t\t<button aria-label=\"Men\u00fc schlie\u00dfen\" class=\"wp-block-navigation__responsive-container-close\" \n\t\t\t\tdata-wp-on--click=\"actions.closeMenuOnClick\"\n\t\t\t><svg xmlns=\"http:\/\/www.w3.org\/2000\/svg\" viewBox=\"0 0 24 24\" width=\"24\" height=\"24\" aria-hidden=\"true\" focusable=\"false\"><path d=\"m13.06 12 6.47-6.47-1.06-1.06L12 10.94 5.53 4.47 4.47 5.53 10.94 12l-6.47 6.47 1.06 1.06L12 13.06l6.47 6.47 1.06-1.06L13.06 12Z\"><\/path><\/svg><\/button>\n\t\t\t\t\t\t\t<div class=\"wp-block-navigation__responsive-container-content\" \n\t\t\t\tdata-wp-watch=\"callbacks.focusFirstElement\"\n\t\t\t id=\"modal-1-content\">\n\t\t\t\t\t\t\t\t<ul class=\"wp-block-navigation__container is-responsive items-justified-center wp-block-navigation\"><li class=\" wp-block-navigation-item wp-block-navigation-link\"><a class=\"wp-block-navigation-item__content\"  href=\"https:\/\/www.bsv-russbachtal.at\/bsv-wp\/verein\/\"><span class=\"wp-block-navigation-item__label\">Verein<\/span><\/a><\/li><li class=\" wp-block-navigation-item wp-block-navigation-link\"><a class=\"wp-block-navigation-item__content\"  href=\"https:\/\/www.bsv-russbachtal.at\/bsv-wp\/vorstand\/\"><span class=\"wp-block-navigation-item__label\">Vorstand<\/span><\/a><\/li><li class=\" wp-block-navigation-item wp-block-navigation-link\"><a class=\"wp-block-navigation-item__content\"  href=\"https:\/\/www.bsv-russbachtal.at\/bsv-wp\/mitgliedschaft\/\"><span class=\"wp-block-navigation-item__label\">Mitgliedschaft<\/span><\/a><\/li><li class=\" wp-block-navigation-item wp-block-navigation-link\"><a class=\"wp-block-navigation-item__content\"  href=\"https:\/\/www.bsv-russbachtal.at\/bsv-wp\/statuten\/\"><span class=\"wp-block-navigation-item__label\">Statuten<\/span><\/a><\/li><li class=\" wp-block-navigation-item wp-block-navigation-link\"><a class=\"wp-block-navigation-item__content\"  href=\"https:\/\/www.bsv-russbachtal.at\/bsv-wp\/scheibenplatz\/\"><span class=\"wp-block-navigation-item__label\">Scheibenplatz<\/span><\/a><\/li><li class=\" wp-block-navigation-item wp-block-navigation-link\"><a class=\"wp-block-navigation-item__content\"  href=\"https:\/\/www.bsv-russbachtal.at\/bsv-wp\/parcours\/\"><span class=\"wp-block-navigation-item__label\">3D-Parcours<\/span><\/a><\/li><li class=\" wp-block-navigation-item wp-block-navigation-link\"><a class=\"wp-block-navigation-item__content\"  href=\"https:\/\/www.bsv-russbachtal.at\/bsv-wp\/sponsoren\/\"><span class=\"wp-block-navigation-item__label\">Sponsoren<\/span><\/a><\/li><li class=\" wp-block-navigation-item wp-block-navigation-link\"><a class=\"wp-block-navigation-item__content\"  href=\"https:\/\/www.bsv-russbachtal.at\/bsv-wp\/fragen-und-antworten\/\"><span class=\"wp-block-navigation-item__label\">Fragen und Antworten<\/span><\/a><\/li><\/ul>\n\t\t\t\t\t\t\t<\/div>\n\t\t\t\t\t\t<\/div>\n\t\t\t\t\t<\/div>\n\t\t\t\t<\/div><\/nav>","protected":false},"excerpt":{"rendered":"<p>Der BSV Ru\u00dfbachtal verf\u00fcgt \u00fcber einen Obmann, Schriftf\u00fchrer und eine Kassierin, wie jeder Verein nach dem VerG. Zus\u00e4tzlich unterst\u00fctzen ein Obmann Stv. und eine Schriftf\u00fchrer Stv. die T\u00e4tigkeiten der Gesch\u00e4ftsf\u00fchrung. Norbert FISCHERObmann +43 699 19546302E-Mail Ilse FISCHERSchriftf\u00fchrer Stv., \u00dcbungsleiterin, Instruktorin<\/p>\n","protected":false},"author":1,"featured_media":0,"parent":0,"menu_order":0,"comment_status":"closed","ping_status":"closed","template":"","meta":{"footnotes":""},"class_list":["post-76","page","type-page","status-publish","hentry"],"_links":{"self":[{"href":"https:\/\/www.bsv-russbachtal.at\/bsv-wp\/wp-json\/wp\/v2\/pages\/76","targetHints":{"allow":["GET"]}}],"collection":[{"href":"https:\/\/www.bsv-russbachtal.at\/bsv-wp\/wp-json\/wp\/v2\/pages"}],"about":[{"href":"https:\/\/www.bsv-russbachtal.at\/bsv-wp\/wp-json\/wp\/v2\/types\/page"}],"author":[{"embeddable":true,"href":"https:\/\/www.bsv-russbachtal.at\/bsv-wp\/wp-json\/wp\/v2\/users\/1"}],"replies":[{"embeddable":true,"href":"https:\/\/www.bsv-russbachtal.at\/bsv-wp\/wp-json\/wp\/v2\/comments?post=76"}],"version-history":[{"count":2,"href":"https:\/\/www.bsv-russbachtal.at\/bsv-wp\/wp-json\/wp\/v2\/pages\/76\/revisions"}],"predecessor-version":[{"id":2464,"href":"https:\/\/www.bsv-russbachtal.at\/bsv-wp\/wp-json\/wp\/v2\/pages\/76\/revisions\/2464"}],"wp:attachment":[{"href":"https:\/\/www.bsv-russbachtal.at\/bsv-wp\/wp-json\/wp\/v2\/media?parent=76"}],"curies":[{"name":"wp","href":"https:\/\/api.w.org\/{rel}","templated":true}]}}