{"id":389,"date":"2014-10-12T23:25:52","date_gmt":"2014-10-12T21:25:52","guid":{"rendered":"https:\/\/bsv.emil-dc.eu\/?page_id=389"},"modified":"2025-11-11T10:46:37","modified_gmt":"2025-11-11T09:46:37","slug":"training","status":"publish","type":"page","link":"https:\/\/www.bsv-russbachtal.at\/bsv-wp\/training\/","title":{"rendered":"Training"},"content":{"rendered":"<p>Gemeinsame \u00dcbungseinheiten f\u00fcr Mitglieder sind Mittwoch Nachmittag und Sonntag Vormittag.<\/p>\n<p>Wer sich einen \u00dcberblick vom Verein und dem Bogensport verschaffen m\u00f6chte, kann gerne Freitag Nachmittag ab 17:00 Uhr auf der Bogensportanlage Wolkersdorf zu \u201e<em>bows after business<\/em>\u201d vorbeikommen (kurzer Anruf!).<\/p>\n<p>Termine und Zeiten f\u00fcr diverse Veranstaltungen findest du <a href=\"http:\/\/www.bsv-russbachtal.at\/bsv-wp\/veranstaltungen\/\"><strong>hier<\/strong><\/a>.<\/p>\n<p>Die Bogensportanlage Wolkersdorf steht allen Mitgliedern t\u00e4glich bei Tageslicht zur Verf\u00fcgung.<br \/>G\u00e4ste, die eine entsprechende Qualifikation nachweisen k\u00f6nnen, sind in Begleitung durch ein Mitglied auch gerne willkommen.<\/p>\n<p>F\u00fcr alle, die sich weiterbilden wollen, bieten wir nat\u00fcrlich auch Kurse an, die von unseren zertifizierten Trainern abgehalten werden.&nbsp;<\/p>\n<h2>Preise:<\/h2>\n\n\n<figure class=\"wp-block-table is-style-stripes\"><table><tbody><tr><td><strong>Schnupperkurs Bogenschie\u00dfen:<\/strong><\/td><td>Dauer ca. 2 Stunden, <br>Ausr\u00fcstung wird bereitgestellt<\/td><td>\u20ac 25,00 pro Person<\/td><\/tr><tr><td colspan=\"2\"><strong>Pfeilbruch oder Verlust:<\/strong><\/td><td>\u20ac 7,00 pro Pfeil<\/td><\/tr><tr><td colspan=\"2\"><strong>Begleitetes Bogenschie\u00dfen am Parcours<\/strong><br>(Tipps und Tricks f\u00fcr Einsteiger in 3D, nach Erreichen der Parcoursreife):<\/td><td>\u20ac 35,00 pro Person<\/td><\/tr><tr><td rowspan=\"2\"><strong>Platz-, Parcoursreife und wei\u00dfer Pfeil<\/strong> (3&#215;3 Std.):<\/td><td>Mitglieder<\/td><td>\u20ac 90,00 pro Person<\/td><\/tr><tr><td>Nichtmitglieder<\/td><td>\u20ac 125,00 pro Person<\/td><\/tr><tr><td><strong>Alle weiteren Kurse<\/strong> (1x 1 bis 1,5 Std.):<\/td><td>Schwarzer, blauer, roter, goldener Pfeil<\/td><td>\u20ac 30,00 pro Person<\/td><\/tr><\/tbody><\/table><\/figure>\n\n\n<p>Anmeldung bitte direkt bei den \u00dcbungsleitern. Termine f\u00fcr Ausbildungsstunden k\u00f6nnen individuell vereinbart werden.<\/p>\n<p>F\u00fcr genauere Informationen nehmen Sie bitte direkten Kontakt mit unseren \u00d6BSV-zertifizierten \u00dcbungsleitern auf:<\/p>\n\n\n<figure class=\"wp-block-table is-style-stripes\"><table><tbody><tr><td><strong>Ilse FISCHER<\/strong><br>Schriftf\u00fchrer Stv., \u00dcbungsleiterin, Instruktorin<br><br><strong><a href=\"mailto:ilse.fischer@bsv-russbachtal.at\" data-type=\"mailto\" data-id=\"mailto:ilse.fischer@bsv-russbachtal.at\">E-Mail<\/a><\/strong><\/td><td><img decoding=\"async\" style=\"width: 100px;\" src=\"\/bsv-wp\/wp-content\/images\/vorstand\/Ilse_Fischer_2019.jpg\" alt=\"Ilse Fischer\"><\/td><\/tr><tr><td><strong>Hermann SCHINDLER<\/strong><br>\u00dcbungsleiter<br><br>+43 676 7357357<br><strong><a href=\"mailto:hermann.schindler@bsv-russbachtal.at\" data-type=\"mailto\" data-id=\"mailto:hermann.schindler@bsv-russbachtal.at\">E-Mail<\/a><\/strong><\/td><td><img decoding=\"async\" style=\"width: 100px;\" src=\"\/bsv-wp\/wp-content\/images\/vorstand\/Hermann_Schindler_2019.jpg\" alt=\"Hermann Schindler\"><\/td><\/tr><\/tbody><\/table><\/figure>\n","protected":false},"excerpt":{"rendered":"<p>Gemeinsame \u00dcbungseinheiten f\u00fcr Mitglieder sind Mittwoch Nachmittag und Sonntag Vormittag. Wer sich einen \u00dcberblick vom Verein und dem Bogensport verschaffen m\u00f6chte, kann gerne Freitag Nachmittag ab 17:00 Uhr auf der Bogensportanlage Wolkersdorf zu \u201ebows after business\u201d vorbeikommen (kurzer Anruf!). Termine<\/p>\n","protected":false},"author":1,"featured_media":0,"parent":0,"menu_order":0,"comment_status":"closed","ping_status":"closed","template":"","meta":{"footnotes":""},"class_list":["post-389","page","type-page","status-publish","hentry"],"_links":{"self":[{"href":"https:\/\/www.bsv-russbachtal.at\/bsv-wp\/wp-json\/wp\/v2\/pages\/389","targetHints":{"allow":["GET"]}}],"collection":[{"href":"https:\/\/www.bsv-russbachtal.at\/bsv-wp\/wp-json\/wp\/v2\/pages"}],"about":[{"href":"https:\/\/www.bsv-russbachtal.at\/bsv-wp\/wp-json\/wp\/v2\/types\/page"}],"author":[{"embeddable":true,"href":"https:\/\/www.bsv-russbachtal.at\/bsv-wp\/wp-json\/wp\/v2\/users\/1"}],"replies":[{"embeddable":true,"href":"https:\/\/www.bsv-russbachtal.at\/bsv-wp\/wp-json\/wp\/v2\/comments?post=389"}],"version-history":[{"count":3,"href":"https:\/\/www.bsv-russbachtal.at\/bsv-wp\/wp-json\/wp\/v2\/pages\/389\/revisions"}],"predecessor-version":[{"id":2441,"href":"https:\/\/www.bsv-russbachtal.at\/bsv-wp\/wp-json\/wp\/v2\/pages\/389\/revisions\/2441"}],"wp:attachment":[{"href":"https:\/\/www.bsv-russbachtal.at\/bsv-wp\/wp-json\/wp\/v2\/media?parent=389"}],"curies":[{"name":"wp","href":"https:\/\/api.w.org\/{rel}","templated":true}]}}