{"id":21,"date":"2023-01-06T00:39:07","date_gmt":"2023-01-05T23:39:07","guid":{"rendered":"https:\/\/bsv.emil-dc.eu\/?page_id=21"},"modified":"2023-02-27T17:29:50","modified_gmt":"2023-02-27T16:29:50","slug":"verein","status":"publish","type":"page","link":"https:\/\/www.bsv-russbachtal.at\/bsv-wp\/verein\/","title":{"rendered":"Verein"},"content":{"rendered":"<h2>Der BSV Ru\u00dfbachtal<\/h2>\n<p>&#8230; wurde am 1. April 2008 gegr\u00fcndet und erfreute sich per Ende Juni bereits ca. 50 aktiver Mitglieder. Alle Mitglieder des Vereines sind sehr stolz \u00fcber dieses rasante Wachstum.<\/p>\n<p>Anfang 2019 haben wir unser Bet\u00e4tigungsfeld um den <strong>Blasrohrsport<\/strong> erweitert. Ziel des Vereines ist es, allen Bogen- und Blasrohrsch\u00fctzInnen eine gemeinsame Plattform zu bieten und den Bogen- und Blasrohrsport, insbesondere im Weinviertel, zu f\u00f6rdern. Seit 2019 f\u00fchren wir auch den Vereinsnamen \u201e<strong>Bogen- und Blasrohrsportverein Ru\u00dfbachtal<\/strong>\u201d. Die Kurzbezeichnung lautet aber wie gewohnt weiterhin \u201e<strong>BSV Ru\u00dfbachtal<\/strong>\u201d \ud83d\ude09<\/p>\n<p>Bogen- und auch Blasrohrsport bieten in unserer heutigen, sehr hektischen Welt einen willkommenen Ausgleich und helfen, die Konzentrationsf\u00e4higkeit zu st\u00e4rken. Kinder und Jugendliche halten sich w\u00e4hrend des Bogen- oder Blasrohrschie\u00dfens naturgem\u00e4\u00df nicht hinter dem Computer auf &#8211; ein nicht zu untersch\u00e4tzender Vorteil!<\/p>\n<p>Der BSV-Ru\u00dfbachtal steht allen Interessierten offen und wir freuen uns \u00fcber alle Anfragen rund um den Bogen- oder Blasrohrsport.<\/p>\n<p>Nachfolgend noch der recht trockene Text aus unseren aktuellen Statuten, der (trotz seiner Trockenheit) unseren Vereinszweck sehr gut beschreibt:<\/p>\n<p>Der Verein, dessen T\u00e4tigkeit nicht auf Gewinn ausgerichtet ist, bezweckt:<\/p>\n<ul>\n<li>den Bogen- und Blasrohrsport vorwiegend in der Region um Wolkersdorf und im gesamten N\u00d6 Weinviertel in all seiner Form zu pflegen,<\/li>\n<li>die Interessen der Mitglieder zu sch\u00fctzen und zu wahren,<\/li>\n<li>den Leistungs-, Wettkampf- und Breitensport zu f\u00f6rdern,<\/li>\n<li>Bogen- und Blasrohrsportanlagen vorwiegend im N\u00d6 Weinviertel zu errichten und zu betreiben,<\/li>\n<li>Kontakte mit in- und ausl\u00e4ndischen Organisationen gleicher Zielsetzungen zu pflegen sowie<\/li>\n<li>die touristische Entwicklung vorwiegend in der Region und im gesamten N\u00d6 Weinviertel zu f\u00f6rdern.<\/li>\n<\/ul>\n<p>Den gesamten Wortlaut der Vereinsstatuten findest du hier: <a href=\"https:\/\/www.bsv-russbachtal.at\/bsv-wp\/statuten\/\"><strong>Statuten<\/strong><\/a><\/p>\n<p>Der BSV Ru\u00dfbachtal ist Mitglied folgender Verb\u00e4nde:<\/p>\n<p><a style=\"pointer-events: none;\" href=\"http:\/\/www.asvoe-noe.at\/de\" target=\"_blank\" rel=\"noopener\"><img loading=\"lazy\" decoding=\"async\" class=\"alignnone wp-image-126 size-medium\" title=\"Allg. Sportverband \u00d6sterreichs N\u00d6\" src=\"https:\/\/www.bsv-russbachtal.at\/bsv-wp\/wp-content\/uploads\/2023\/01\/ASVOE_NOE-300x92.png\" alt=\"Allg. Sportverband \u00d6sterreichs N\u00d6\" width=\"300\" height=\"92\" srcset=\"https:\/\/www.bsv-russbachtal.at\/bsv-wp\/wp-content\/uploads\/2023\/01\/ASVOE_NOE-300x92.png 300w, https:\/\/www.bsv-russbachtal.at\/bsv-wp\/wp-content\/uploads\/2023\/01\/ASVOE_NOE.png 425w\" sizes=\"auto, (max-width: 300px) 100vw, 300px\" \/><\/a><\/p>\n<p><a style=\"pointer-events: none;\" href=\"http:\/\/www.oebsv.com\/\" target=\"_blank\" rel=\"noopener\"><img loading=\"lazy\" decoding=\"async\" class=\"alignnone wp-image-127 size-medium\" title=\"\u00d6sterr. Bogensportverband\" src=\"https:\/\/www.bsv-russbachtal.at\/bsv-wp\/wp-content\/uploads\/2023\/01\/aut_archery2-300x92.png\" alt=\"\u00d6sterr. Bogensportverband\" width=\"300\" height=\"92\" srcset=\"https:\/\/www.bsv-russbachtal.at\/bsv-wp\/wp-content\/uploads\/2023\/01\/aut_archery2-300x92.png 300w, https:\/\/www.bsv-russbachtal.at\/bsv-wp\/wp-content\/uploads\/2023\/01\/aut_archery2.png 425w\" sizes=\"auto, (max-width: 300px) 100vw, 300px\" \/><\/a><\/p>\n<p><a style=\"pointer-events: none;\" href=\"http:\/\/www.noe-bogensportverband.at\" target=\"_blank\" rel=\"noopener\"><img loading=\"lazy\" decoding=\"async\" class=\"alignnone wp-image-128 size-full\" title=\"N\u00d6 Bogensportverband\" src=\"https:\/\/www.bsv-russbachtal.at\/bsv-wp\/wp-content\/uploads\/2023\/01\/noebsv.jpg\" alt=\"N\u00d6 Bogensportverband\" width=\"116\" height=\"130\" \/><\/a><\/p>\n\n\n<h3 class=\"wp-block-heading\"><em>Wir schie\u00dfen Bogen und Blasrohr, weil es Spa\u00df macht&#8230;<\/em><br><em>Wir schie\u00dfen im Verein, weil es gemeinsam noch mehr Spa\u00df macht&#8230;<\/em><\/h3>\n\n\n\n<center><hr style=\"border: solid #009900 1px; width: 80%;\"><\/center>\n\n\n<nav class=\"is-responsive items-justified-center wp-block-navigation is-content-justification-center is-layout-flex wp-container-core-navigation-is-layout-16018d1d wp-block-navigation-is-layout-flex\" aria-label=\"Navigation 2\" \n\t\t data-wp-interactive=\"core\/navigation\" data-wp-context='{\"overlayOpenedBy\":{\"click\":false,\"hover\":false,\"focus\":false},\"type\":\"overlay\",\"roleAttribute\":\"\",\"ariaLabel\":\"Men\\u00fc\"}'><button aria-haspopup=\"dialog\" aria-label=\"Men\u00fc \u00f6ffnen\" class=\"wp-block-navigation__responsive-container-open\" \n\t\t\t\tdata-wp-on--click=\"actions.openMenuOnClick\"\n\t\t\t\tdata-wp-on--keydown=\"actions.handleMenuKeydown\"\n\t\t\t><svg width=\"24\" height=\"24\" xmlns=\"http:\/\/www.w3.org\/2000\/svg\" viewBox=\"0 0 24 24\" aria-hidden=\"true\" focusable=\"false\"><path d=\"M4 7.5h16v1.5H4z\"><\/path><path d=\"M4 15h16v1.5H4z\"><\/path><\/svg><\/button>\n\t\t\t\t<div class=\"wp-block-navigation__responsive-container\"  id=\"modal-1\" \n\t\t\t\tdata-wp-class--has-modal-open=\"state.isMenuOpen\"\n\t\t\t\tdata-wp-class--is-menu-open=\"state.isMenuOpen\"\n\t\t\t\tdata-wp-watch=\"callbacks.initMenu\"\n\t\t\t\tdata-wp-on--keydown=\"actions.handleMenuKeydown\"\n\t\t\t\tdata-wp-on--focusout=\"actions.handleMenuFocusout\"\n\t\t\t\ttabindex=\"-1\"\n\t\t\t>\n\t\t\t\t\t<div class=\"wp-block-navigation__responsive-close\" tabindex=\"-1\">\n\t\t\t\t\t\t<div class=\"wp-block-navigation__responsive-dialog\" \n\t\t\t\tdata-wp-bind--aria-modal=\"state.ariaModal\"\n\t\t\t\tdata-wp-bind--aria-label=\"state.ariaLabel\"\n\t\t\t\tdata-wp-bind--role=\"state.roleAttribute\"\n\t\t\t>\n\t\t\t\t\t\t\t<button aria-label=\"Men\u00fc schlie\u00dfen\" class=\"wp-block-navigation__responsive-container-close\" \n\t\t\t\tdata-wp-on--click=\"actions.closeMenuOnClick\"\n\t\t\t><svg xmlns=\"http:\/\/www.w3.org\/2000\/svg\" viewBox=\"0 0 24 24\" width=\"24\" height=\"24\" aria-hidden=\"true\" focusable=\"false\"><path d=\"m13.06 12 6.47-6.47-1.06-1.06L12 10.94 5.53 4.47 4.47 5.53 10.94 12l-6.47 6.47 1.06 1.06L12 13.06l6.47 6.47 1.06-1.06L13.06 12Z\"><\/path><\/svg><\/button>\n\t\t\t\t\t\t\t<div class=\"wp-block-navigation__responsive-container-content\" \n\t\t\t\tdata-wp-watch=\"callbacks.focusFirstElement\"\n\t\t\t id=\"modal-1-content\">\n\t\t\t\t\t\t\t\t<ul class=\"wp-block-navigation__container is-responsive items-justified-center wp-block-navigation\"><li class=\" wp-block-navigation-item wp-block-navigation-link\"><a class=\"wp-block-navigation-item__content\"  href=\"https:\/\/www.bsv-russbachtal.at\/bsv-wp\/verein\/\"><span class=\"wp-block-navigation-item__label\">Verein<\/span><\/a><\/li><li class=\" wp-block-navigation-item wp-block-navigation-link\"><a class=\"wp-block-navigation-item__content\"  href=\"https:\/\/www.bsv-russbachtal.at\/bsv-wp\/vorstand\/\"><span class=\"wp-block-navigation-item__label\">Vorstand<\/span><\/a><\/li><li class=\" wp-block-navigation-item wp-block-navigation-link\"><a class=\"wp-block-navigation-item__content\"  href=\"https:\/\/www.bsv-russbachtal.at\/bsv-wp\/mitgliedschaft\/\"><span class=\"wp-block-navigation-item__label\">Mitgliedschaft<\/span><\/a><\/li><li class=\" wp-block-navigation-item wp-block-navigation-link\"><a class=\"wp-block-navigation-item__content\"  href=\"https:\/\/www.bsv-russbachtal.at\/bsv-wp\/statuten\/\"><span class=\"wp-block-navigation-item__label\">Statuten<\/span><\/a><\/li><li class=\" wp-block-navigation-item wp-block-navigation-link\"><a class=\"wp-block-navigation-item__content\"  href=\"https:\/\/www.bsv-russbachtal.at\/bsv-wp\/scheibenplatz\/\"><span class=\"wp-block-navigation-item__label\">Scheibenplatz<\/span><\/a><\/li><li class=\" wp-block-navigation-item wp-block-navigation-link\"><a class=\"wp-block-navigation-item__content\"  href=\"https:\/\/www.bsv-russbachtal.at\/bsv-wp\/parcours\/\"><span class=\"wp-block-navigation-item__label\">3D-Parcours<\/span><\/a><\/li><li class=\" wp-block-navigation-item wp-block-navigation-link\"><a class=\"wp-block-navigation-item__content\"  href=\"https:\/\/www.bsv-russbachtal.at\/bsv-wp\/sponsoren\/\"><span class=\"wp-block-navigation-item__label\">Sponsoren<\/span><\/a><\/li><li class=\" wp-block-navigation-item wp-block-navigation-link\"><a class=\"wp-block-navigation-item__content\"  href=\"https:\/\/www.bsv-russbachtal.at\/bsv-wp\/fragen-und-antworten\/\"><span class=\"wp-block-navigation-item__label\">Fragen und Antworten<\/span><\/a><\/li><\/ul>\n\t\t\t\t\t\t\t<\/div>\n\t\t\t\t\t\t<\/div>\n\t\t\t\t\t<\/div>\n\t\t\t\t<\/div><\/nav>","protected":false},"excerpt":{"rendered":"<p>Der BSV Ru\u00dfbachtal &#8230; wurde am 1. April 2008 gegr\u00fcndet und erfreute sich per Ende Juni bereits ca. 50 aktiver Mitglieder. Alle Mitglieder des Vereines sind sehr stolz \u00fcber dieses rasante Wachstum. Anfang 2019 haben wir unser Bet\u00e4tigungsfeld um den<\/p>\n","protected":false},"author":1,"featured_media":0,"parent":0,"menu_order":0,"comment_status":"closed","ping_status":"closed","template":"","meta":{"footnotes":""},"class_list":["post-21","page","type-page","status-publish","hentry"],"_links":{"self":[{"href":"https:\/\/www.bsv-russbachtal.at\/bsv-wp\/wp-json\/wp\/v2\/pages\/21","targetHints":{"allow":["GET"]}}],"collection":[{"href":"https:\/\/www.bsv-russbachtal.at\/bsv-wp\/wp-json\/wp\/v2\/pages"}],"about":[{"href":"https:\/\/www.bsv-russbachtal.at\/bsv-wp\/wp-json\/wp\/v2\/types\/page"}],"author":[{"embeddable":true,"href":"https:\/\/www.bsv-russbachtal.at\/bsv-wp\/wp-json\/wp\/v2\/users\/1"}],"replies":[{"embeddable":true,"href":"https:\/\/www.bsv-russbachtal.at\/bsv-wp\/wp-json\/wp\/v2\/comments?post=21"}],"version-history":[{"count":3,"href":"https:\/\/www.bsv-russbachtal.at\/bsv-wp\/wp-json\/wp\/v2\/pages\/21\/revisions"}],"predecessor-version":[{"id":1748,"href":"https:\/\/www.bsv-russbachtal.at\/bsv-wp\/wp-json\/wp\/v2\/pages\/21\/revisions\/1748"}],"wp:attachment":[{"href":"https:\/\/www.bsv-russbachtal.at\/bsv-wp\/wp-json\/wp\/v2\/media?parent=21"}],"curies":[{"name":"wp","href":"https:\/\/api.w.org\/{rel}","templated":true}]}}